10*y + 3. Give t(-9).
12
Let s(p) = 2*p**2 - 3*p + 3. Give s(2).
5
Let z(c) = -11*c + 42. Calculate z(6).
-24
Let n(m) = -7*m - 9. Determine n(-13).
82
Let i(m) = -m + 48. What is i(9)?
39
Let p(z) = z + 15. Determine p(18).
33
Let i(u) = u**3 + 25*u**2 - 35*u - 224. Give i(-26).
10
Let u(v) = -v**3 + 18*v**2 + 59*v + 100. Give u(21).
16
Let b(l) = 7*l + 1. Calculate b(-4).
-27
Let i(l) = 2*l**3 - 62*l**2 + 58*l + 67. Calculate i(30).
7
Let n(x) = x**3 - 29*x**2 - 2*x + 24. Determine n(29).
-34
Let a(u) = -u**2 - 5*u + 4. What is a(1)?
-2
Let n(r) = -5*r + 58. Determine n(9).
13
Let f(g) = 4*g - 7. What is f(6)?
17
Let z(x) = -2*x**2 - 39*x - 1. Determine z(-20).
-21
Let l(x) = -x**2 - 2*x - 4. Determine l(-4).
-12
Let a(g) = -g**3 + 7*g**2 + 8*g - 9. Determine a(8).
-9
Let g(b) = -b - 16. Give g(-15).
-1
Let x(c) = c**3 - 14*c**2 + 24*c + 56. Give x(12).
56
Let w(j) = -19*j**3 + j**2 - 2*j + 2. Give w(1).
-18
Let h(s) = -4*s**2 + 2*s + 4. Determine h(4).
-52
Let n(d) = -37*d - 3. Give n(-1).
34
Let o(v) = -v**3 - 27*v**2 - 27*v - 17. Calculate o(-26).
9
Let p(v) = 17*v**3 - 2*v**2 + 1. Determine p(1).
16
Let j(g) = -g**3 + 10*g**2 + 9*g - 14. Determine j(11).
-36
Let t(p) = -12*p + 9. Give t(7).
-75
Let v(d) = 8*d - 20. What is v(3)?
4
Let l(i) = i**3 + 24*i**2 - 28*i - 27. Determine l(-25).
48
Let r(l) = 9*l - 1. Determine r(-2).
-19
Let f(l) = 2*l + 3. What is f(8)?
19
Let c(q) = -q**3 - 13*q**2 - 3*q. Give c(-13).
39
Let z(l) = 7*l + 20. Calculate z(-3).
-1
Let i(z) = -z**3 + 9*z**2 + z + 1. Calculate i(9).
10
Let q(o) = -8*o**3 + 4*o**2 - 3. Calculate q(-1).
9
Let i(k) = -8*k - 48. Calculate i(-6).
0
Let f(x) = -13*x - 7. Determine f(5).
-72
Let f(g) = 3*g. What is f(3)?
9
Let f(y) = y**3 - 5*y**2 - 2*y - 6. What is f(6)?
18
Let u(s) = -4*s - 12. Calculate u(-6).
12
Let j(g) = 5*g - 33. Give j(6).
-3
Let l(r) = -r**3 + 5*r**2 + 5*r. Give l(4).
36
Let b(a) = 2*a + 24. Calculate b(-9).
6
Let x(v) = -v**3 - 5*v**2 + 2*v + 24. What is x(-4)?
0
Let t(l) = -24*l - 514. What is t(-21)?
-10
Let h(v) = -19*v**3 - 3*v**2 + 4*v - 2. Give h(1).
-20
Let v(o) = -o**2 + o + 21. Determine v(0).
21
Let t(w) = -3*w + 23. What is t(5)?
8
Let n(o) = -o**2 + 2*o + 5. Calculate n(-2).
-3
Let x(h) = 11*h**3 - h**2 + h + 2. What is x(-1)?
-11
Let a(r) = -63*r**3 - r**2 - r - 1. What is a(-1)?
62
Let v(s) = s**3 + 13*s**2 + 16*s + 48. Give v(-12).
0
Let z(u) = 6*u + 7. What is z(-3)?
-11
Let n(c) = -59*c - 429. Determine n(-7).
-16
Let c(f) = -2*f**3 + 27*f**2 + f - 9. What is c(13)?
173
Let u(q) = 3*q**3 + q**2 - 7*q - 2. Calculate u(2).
12
Let i(h) = -h**3 + 3*h**2 + 3*h - 6. Give i(-2).
8
Let f(c) = c**2 + 11*c - 34. Calculate f(-13).
-8
Let h(c) = -c**3 + 2*c**2 - 5*c + 5. Determine h(2).
-5
Let y(d) = 3*d + 4. What is y(-5)?
-11
Let r(p) = p**2 + 10*p + 14. Give r(-4).
-10
Let u(o) = 7*o + 11. Determine u(-4).
-17
Let y(n) = n - 3. What is y(5)?
2
Let j(c) = 5*c**2 + 44*c + 9. Give j(-9).
18
Let n(s) = 4*s + 29. Give n(-6).
5
Let v(p) = p**3 + 31*p**2 - 5. Calculate v(-31).
-5
Let v(s) = -s**3 - s**2 + 2*s + 3. What is v(-4)?
43
Let h(w) = w**2 - 3*w - 5. Give h(5).
5
Let l(c) = -c**3 + 12*c**2 - 1. Give l(12).
-1
Let t(d) = 14*d**2 - d - 2. Calculate t(1).
11
Let r(w) = -3*w - 6. What is r(7)?
-27
Let n(b) = b**3 + 17*b**2 + 13*b + 15. What is n(-16)?
63
Let m(v) = -7*v**2 + 88*v - 12. Determine m(12).
36
Let y(n) = n**3 + n**2 - 4*n - 3. Calculate y(-2).
1
Let m(x) = 2*x**2 - 33*x - 68. What is m(-2)?
6
Let i(x) = 10*x + 90. Calculate i(-9).
0
Let g(q) = 48*q + 8. Calculate g(1).
56
Let s(r) = -r**3 + 6*r**2 + 14*r + 14. Give s(8).
-2
Let w(g) = 5*g - 24. Determine w(-6).
-54
Let t(y) = -y**2 - 22*y - 34. Give t(-19).
23
Let v(p) = -p**2 - 14*p - 41. Calculate v(-7).
8
Let i(p) = p**3 - 2*p**2 - 5*p + 5. What is i(3)?
-1
Let r(f) = -f - 14. What is r(7)?
-21
Let j(x) = 2*x - 2. Calculate j(5).
8
Let y(q) = 4*q + 258. Calculate y(-68).
-14
Let q(c) = c**3 + 9*c**2 - 5*c - 8. Determine q(-10).
-58
Let h(o) = -o + 26. Calculate h(34).
-8
Let i(v) = v**2 - 10*v - 12. Give i(11).
-1
Let s(h) = -h**2 - 3*h + 7. Give s(-6).
-11
Let g(o) = -o. What is g(7)?
-7
Let z(w) = 108*w - 314. Calculate z(3).
10
Let a(p) = -7*p**3 + 2*p**2 - 2*p - 2. Determine a(-2).
66
Let b(x) = -12*x + 4. What is b(3)?
-32
Let p(s) = 4*s**2 - 2*s - 2. Calculate p(-2).
18
Let r(y) = -y**3 - 5*y**2 - y - 8. Determine r(-5).
-3
Let h(o) = -o**2 + 13*o - 37. What is h(9)?
-1
Let n(z) = -10*z**2 - z - 2. Calculate n(-1).
-11
Let i(t) = -107*t + 113. Calculate i(1).
6
Let n(w) = -w**2 + 14*w - 1. Determine n(12).
23
Let c(z) = z**2 - 11*z - 10. Give c(13).
16
Let i(j) = -j**3 + 7*j**2 - 6*j - 2. Determine i(5).
18
Let s(w) = -w**2 - 24*w - 65. What is s(-3)?
-2
Let d(f) = -f - 45. Determine d(0).
-45
Let t(v) = -v**2 + 7*v + 5. Determine t(8).
-3
Let n(r) = 6*r**2 - 11*r + 7. What is n(-3)?
94
Let c(n) = -34*n**2 - 1. Determine c(1).
-35
Let g(o) = -o**2 + 23*o - 59. Calculate g(18).
31
Let a(l) = 4*l**2 - 9*l - 11. Calculate a(-1).
2
Let j(g) = -2*g + 14. Calculate j(5).
4
Let c(s) = -5*s - 3. Determine c(-3).
12
Let j(m) = -6*m + 9. Determine j(6).
-27
Let a(y) = -2*y + 40. What is a(16)?
8
Let b(j) = 2*j + 30. What is b(8)?
46
Let z(p) = -p - 51. Determine z(-35).
-16
Let s(j) = -j**2 - 19*j - 25. What is s(-18)?
-7
Let d(s) = s**2 - 3*s - 5. Calculate d(5).
5
Let l(m) = -m**3 - 9*m**2 - 4*m - 6. Determine l(-8).
-38
Let t(k) = -20*k - 62. Calculate t(7).
-202
Let c(t) = t**3 - 7*t**2 - 3*t + 9. Determine c(6).
-45
Let d(x) = -8*x - 1. What is d(2)?
-17
Let g(z) = -z**2 - 21*z - 3. What is g(-21)?
-3
Let c(l) = l**3 + 9*l**2 + 2*l + 4. Calculate c(-9).
-14
Let n(y) = y**2 + 3*y + 5. What is n(-3)?
5
Let a(d) = -d**3 + 5*d**2 + 8*d - 1. Determine a(6).
11
Let t(i) = i**3 + 4*i**2 + 6*i + 4. Give t(-5).
-51
Let x(w) = 8*w**2 - 8*w - 13. Determine x(-3).
83
Let x(d) = 11*d**2 - 66*d - 4. Give x(6).
-4
Let a(p) = p**3 + 4*p**2 - 3*p + 4. Calculate a(-6).
-50
Let j(x) = 2*x - 8. Give j(13).
18
Let g(v) = 14*v - 10. Give g(1).
4
Let g(t) = 6*t - 8. Calculate g(6).
28
Let j(f) = -f**3 + 8*f**2 - 11*f + 33. Calculate j(7).
5
Let o(i) = i**3 - 7*i**2 - 20*i + 2. Calculate o(9).
-16
Let u(v) = -2*v**2 - 2*v + 19. Determine u(-7).
-65
Let a(f) = -3*f - 9. Give a(3).
-18
Let m(w) = 7*w - 1. What is m(-5)?
-36
Let a(w) = -w - 4. Calculate a(0).
-4
Let n(o) = o**3 - 4*o**2 - 6*o - 3. Give n(6).
33
Let f(j) = 3*j - 25. Give f(6).
-7
Let b(u) = -u + 1. Calculate b(-20).
21
Let i(k) = -k**3 - 4*k**2 + 2*k. Calculate i(-5).
15
Let z(x) = x**3 - 13*x**2 + 13*x - 11. What is z(12)?
1
Let q(j) = -46*j**2 - 4*j + 12. Calculate q(2).
-180
Let k(y) = y**3 + 20*y**2 + 17*y - 32. What is k(-19)?
6
Let r(h) = 3*h**2 + 20*h + 1. Give r(-6).
-11
Let x(v) = -v**3 + 6*v**2 - 4*v - 3. Give x(5).
2
Let o(z) = -2*z**3 - 4*z + 4. Determine o(3).
-62
Let d(j) = j**3 - 14*j**2 + 36*j - 31. Give d(11).
2
Let g(c) = -2*c**3 + 12*c**2 + 13*c - 6. Give g(6).
72
Let m(l) = -l**3 - 10*l**2 + 3*l - 1. Determine m(-10).
-31
Let n(g) = 2*g**2 + g. Give n(2).
10
Let t(u) = -u**3 - 2*u**2 - u + 8. Calculate t(0).
8
Let n(c) = 2*c + 6. Calculate n(5).
16
Let o(j) = -j + 11. What is o(-17)?
28
Let j(o) = -o**2 - 48*o - 542. Calculate j(-30).
-2
Let w(y) = -y**2 - 5*y + 2. Calculate w(-3).
8
Let p(s) = -s**3 + 10*s**2 + 10*s + 7. Calculate p(11).
-4
Let m(a) = -10*a**2 + 4*a - 5. Calculate m(1).
-11
Let w(t) = 4*t - 24. Calculate w(11).
20
Let r(u) = -2*u + 13. Calculate r(12).
-11
Let c(z) = z**2 - 12*z + 27. Determine c(11).
16
Let h(c) = -3*c - 5. Calculate h(-4).
7
Let r(u) = -u**2 - 8*u - 8. Calculate r(-6).
4
Let i(v) = -11*v - 311. Determine i(-27).
-14
Let b(y) = y**3 - 12*y**2 + 12*y - 13. Calculate b(11).
-2
Let u(v) = v**3 - 24*v**2 - 52*v - 20. Give u(26).
-20
Let x(w) = w**2 + 10*w + 10. Calculate x(0).
10
Let r(l) = 7*l - 30. What is r(5)?
5
Let j(z) = 29*z + 2036. Determine j(-70).
6
Let t(a) = a**2 - 8*a + 15. What is t(4)?
-1
Let i(z) = 6*z**2 - 2*z + 4. Calculate i(3).
52
Let a(d) = d**3 + 4*d**2 - 6*d - 9. Give a(-5).
-4
Let p(d) = -d**3 - 6*d**2 - d - 10. Calculate p(-6).
-4
Let o(q) = -4*q + 18. What is o(14)?
-38
Let s(h) = -h**2 + 6*h + 3. Determine s(5).
8
Let n(z) = -z**2 + 5*z + 11. Calculate n(9).
-25
Let c(r